{"id":4546,"date":"2023-10-08T22:43:06","date_gmt":"2023-10-08T20:43:06","guid":{"rendered":"https:\/\/comenascelacostituzione.it\/?page_id=4546"},"modified":"2023-10-23T22:44:36","modified_gmt":"2023-10-23T20:44:36","slug":"art-41","status":"publish","type":"page","link":"https:\/\/comenascelacostituzione.it\/?page_id=4546","title":{"rendered":"Art. 41"},"content":{"rendered":"\t\t<div data-elementor-type=\"wp-page\" data-elementor-id=\"4546\" class=\"elementor elementor-4546\" data-elementor-post-type=\"page\">\n\t\t\t\t\t\t<section class=\"elementor-section elementor-top-section elementor-element elementor-element-427fff19 elementor-section-content-middle elementor-section-boxed elementor-section-height-default elementor-section-height-default\" data-id=\"427fff19\" data-element_type=\"section\" data-settings=\"{&quot;background_background&quot;:&quot;classic&quot;}\">\n\t\t\t\t\t\t\t<div class=\"elementor-background-overlay\"><\/div>\n\t\t\t\t\t\t\t<div class=\"elementor-container elementor-column-gap-default\">\n\t\t\t\t\t<div class=\"elementor-column elementor-col-100 elementor-top-column elementor-element elementor-element-56758138\" data-id=\"56758138\" data-element_type=\"column\">\n\t\t\t<div class=\"elementor-widget-wrap elementor-element-populated\">\n\t\t\t\t\t<div class=\"elementor-background-overlay\"><\/div>\n\t\t\t\t\t\t<div class=\"elementor-element elementor-element-73c4b0b animated-slow elementor-invisible elementor-widget elementor-widget-heading\" data-id=\"73c4b0b\" data-element_type=\"widget\" data-settings=\"{&quot;_animation&quot;:&quot;fadeIn&quot;}\" data-widget_type=\"heading.default\">\n\t\t\t\t<div class=\"elementor-widget-container\">\n\t\t\t\t\t<h2 class=\"elementor-heading-title elementor-size-default\">Art. 41<\/h2>\t\t\t\t<\/div>\n\t\t\t\t<\/div>\n\t\t\t\t\t<\/div>\n\t\t<\/div>\n\t\t\t\t\t<\/div>\n\t\t<\/section>\n\t\t\t\t<section class=\"elementor-section elementor-top-section elementor-element elementor-element-e3cdcd4 elementor-section-boxed elementor-section-height-default elementor-section-height-default\" data-id=\"e3cdcd4\" data-element_type=\"section\" data-settings=\"{&quot;background_background&quot;:&quot;classic&quot;}\">\n\t\t\t\t\t\t<div class=\"elementor-container elementor-column-gap-default\">\n\t\t\t\t\t<div class=\"elementor-column elementor-col-100 elementor-top-column elementor-element elementor-element-ea0e593\" data-id=\"ea0e593\" data-element_type=\"column\" data-settings=\"{&quot;background_background&quot;:&quot;classic&quot;}\">\n\t\t\t<div class=\"elementor-widget-wrap elementor-element-populated\">\n\t\t\t\t\t\t<div class=\"elementor-element elementor-element-3cbbccf elementor-widget__width-initial animated-slow elementor-invisible elementor-widget elementor-widget-text-editor\" data-id=\"3cbbccf\" data-element_type=\"widget\" data-settings=\"{&quot;motion_fx_motion_fx_scrolling&quot;:&quot;yes&quot;,&quot;motion_fx_translateY_effect&quot;:&quot;yes&quot;,&quot;motion_fx_translateY_direction&quot;:&quot;negative&quot;,&quot;motion_fx_translateY_speed&quot;:{&quot;unit&quot;:&quot;px&quot;,&quot;size&quot;:0,&quot;sizes&quot;:[]},&quot;motion_fx_translateY_affectedRange&quot;:{&quot;unit&quot;:&quot;%&quot;,&quot;size&quot;:&quot;&quot;,&quot;sizes&quot;:{&quot;start&quot;:46,&quot;end&quot;:100}},&quot;_animation&quot;:&quot;fadeInDown&quot;,&quot;motion_fx_devices&quot;:[&quot;desktop&quot;,&quot;tablet&quot;,&quot;mobile&quot;]}\" data-widget_type=\"text-editor.default\">\n\t\t\t\t<div class=\"elementor-widget-container\">\n\t\t\t\t\t\t\t\t\t<div style=\"text-align: justify;\">L\u2019iniziativa economica privata \u00e8 libera.<br \/>Non pu\u00f2 svolgersi in contrasto con l\u2019utilit\u00e0 sociale o in modo da recare danno alla salute, all\u2019ambiente, alla sicurezza, alla libert\u00e0, alla dignit\u00e0 umana.<br \/>La legge determina i programmi e i controlli opportuni perch\u00e9 l\u2019attivit\u00e0 economica pubblica e privata possa essere indirizzata e coordinata a fini sociali e ambientali.<\/div>\t\t\t\t\t\t\t\t<\/div>\n\t\t\t\t<\/div>\n\t\t\t\t\t<\/div>\n\t\t<\/div>\n\t\t\t\t\t<\/div>\n\t\t<\/section>\n\t\t\t\t<section class=\"elementor-section elementor-top-section elementor-element elementor-element-a99fa06 elementor-section-content-middle elementor-section-boxed elementor-section-height-default elementor-section-height-default\" data-id=\"a99fa06\" data-element_type=\"section\" data-settings=\"{&quot;background_background&quot;:&quot;classic&quot;}\">\n\t\t\t\t\t\t<div class=\"elementor-container elementor-column-gap-default\">\n\t\t\t\t\t<div class=\"elementor-column elementor-col-100 elementor-top-column elementor-element elementor-element-20a7e6f1\" data-id=\"20a7e6f1\" data-element_type=\"column\">\n\t\t\t<div class=\"elementor-widget-wrap elementor-element-populated\">\n\t\t\t\t\t<div class=\"elementor-background-overlay\"><\/div>\n\t\t\t\t\t\t<div class=\"elementor-element elementor-element-24719ee animated-slow elementor-invisible elementor-widget elementor-widget-toggle\" data-id=\"24719ee\" data-element_type=\"widget\" data-settings=\"{&quot;_animation&quot;:&quot;fadeInDown&quot;}\" data-widget_type=\"toggle.default\">\n\t\t\t\t<div class=\"elementor-widget-container\">\n\t\t\t\t\t\t\t<div class=\"elementor-toggle\">\n\t\t\t\t\t\t\t<div class=\"elementor-toggle-item\">\n\t\t\t\t\t<div id=\"elementor-tab-title-3821\" class=\"elementor-tab-title\" data-tab=\"1\" role=\"button\" aria-controls=\"elementor-tab-content-3821\" aria-expanded=\"false\">\n\t\t\t\t\t\t\t\t\t\t\t\t<span class=\"elementor-toggle-icon elementor-toggle-icon-left\" aria-hidden=\"true\">\n\t\t\t\t\t\t\t\t\t\t\t\t\t\t\t<span class=\"elementor-toggle-icon-closed\"><i class=\"fas fa-caret-right\"><\/i><\/span>\n\t\t\t\t\t\t\t\t<span class=\"elementor-toggle-icon-opened\"><i class=\"elementor-toggle-icon-opened fas fa-caret-up\"><\/i><\/span>\n\t\t\t\t\t\t\t\t\t\t\t\t\t<\/span>\n\t\t\t\t\t\t\t\t\t\t\t\t<a class=\"elementor-toggle-title\" tabindex=\"0\">Testo originario del 1\u00b0 gennaio 1948 <\/a>\n\t\t\t\t\t<\/div>\n\n\t\t\t\t\t<div id=\"elementor-tab-content-3821\" class=\"elementor-tab-content elementor-clearfix\" data-tab=\"1\" role=\"region\" aria-labelledby=\"elementor-tab-title-3821\"><div style=\"text-align: justify;\"><p>L\u2019iniziativa economica privata \u00e8 libera.<br \/>Non pu\u00f2 svolgersi in contrasto con l\u2019utilit\u00e0 sociale o in modo da recare danno alla sicurezza, alla libert\u00e0, alla dignit\u00e0 umana.<br \/>La legge determina i programmi e i controlli opportuni perch\u00e9 l\u2019attivit\u00e0 economica pubblica e privata possa essere indirizzata e coordinata a fini sociali.<\/p><\/div><\/div>\n\t\t\t\t<\/div>\n\t\t\t\t\t\t\t\t\t\t<script type=\"application\/ld+json\">{\"@context\":\"https:\\\/\\\/schema.org\",\"@type\":\"FAQPage\",\"mainEntity\":[{\"@type\":\"Question\",\"name\":\"Testo originario del 1\\u00b0 gennaio 1948\",\"acceptedAnswer\":{\"@type\":\"Answer\",\"text\":\"<div style=\\\"text-align: justify;\\\"><p>L\\u2019iniziativa economica privata \\u00e8 libera.<br \\\/>Non pu\\u00f2 svolgersi in contrasto con l\\u2019utilit\\u00e0 sociale o in modo da recare danno alla sicurezza, alla libert\\u00e0, alla dignit\\u00e0 umana.<br \\\/>La legge determina i programmi e i controlli opportuni perch\\u00e9 l\\u2019attivit\\u00e0 economica pubblica e privata possa essere indirizzata e coordinata a fini sociali.<\\\/p><\\\/div>\"}}]}<\/script>\n\t\t\t\t\t<\/div>\n\t\t\t\t\t\t<\/div>\n\t\t\t\t<\/div>\n\t\t\t\t<div class=\"elementor-element elementor-element-08d2475 animated-slow elementor-invisible elementor-widget elementor-widget-toggle\" data-id=\"08d2475\" data-element_type=\"widget\" data-settings=\"{&quot;_animation&quot;:&quot;fadeInDown&quot;}\" data-widget_type=\"toggle.default\">\n\t\t\t\t<div class=\"elementor-widget-container\">\n\t\t\t\t\t\t\t<div class=\"elementor-toggle\">\n\t\t\t\t\t\t\t<div class=\"elementor-toggle-item\">\n\t\t\t\t\t<div id=\"elementor-tab-title-9241\" class=\"elementor-tab-title\" data-tab=\"1\" role=\"button\" aria-controls=\"elementor-tab-content-9241\" aria-expanded=\"false\">\n\t\t\t\t\t\t\t\t\t\t\t\t<span class=\"elementor-toggle-icon elementor-toggle-icon-left\" aria-hidden=\"true\">\n\t\t\t\t\t\t\t\t\t\t\t\t\t\t\t<span class=\"elementor-toggle-icon-closed\"><i class=\"fas fa-caret-right\"><\/i><\/span>\n\t\t\t\t\t\t\t\t<span class=\"elementor-toggle-icon-opened\"><i class=\"elementor-toggle-icon-opened fas fa-caret-up\"><\/i><\/span>\n\t\t\t\t\t\t\t\t\t\t\t\t\t<\/span>\n\t\t\t\t\t\t\t\t\t\t\t\t<a class=\"elementor-toggle-title\" tabindex=\"0\">Evoluzione dalla Commissione dei 75 a oggi<\/a>\n\t\t\t\t\t<\/div>\n\n\t\t\t\t\t<div id=\"elementor-tab-content-9241\" class=\"elementor-tab-content elementor-clearfix\" data-tab=\"1\" role=\"region\" aria-labelledby=\"elementor-tab-title-9241\"><div style=\"text-align: justify;\"><p><strong>Testo della Commissione dei 75<\/strong><br \/><strong>Gi\u00e0 art. 37<\/strong><br \/>Ogni attivit\u00e0 economica privata o pubblica deve tendere a provvedere i mezzi necessari ai bisogni individuali ed al benessere collettivo.<br \/>La legge determina le norme ed i controlli necessari perch\u00e9 le attivit\u00e0 economiche possano essere armonizzate e coordinate a fini sociali.<\/p><p><strong>Gi\u00e0 art. 39<\/strong><br \/>L\u2019iniziativa economica privata \u00e8 libera. Non pu\u00f2 svolgersi in contrasto con l\u2019utilit\u00e0 sociale o in modo da recare danno alla sicurezza, alla libert\u00e0, e alla dignit\u00e0 umana.<\/p><p><strong>Emendamenti approvati dall\u2019Assemblea Costituente<\/strong><br \/><em>Testo coordinato dei gi\u00e0 artt. 37 e 39, concordato tra i deputati Taviani ed Arata, in sostituzione dei rispettivi emendamenti<\/em>.<br \/>L\u2019iniziativa economica privata \u00e8 libera.<br \/>Non pu\u00f2 svolgersi in contrasto con l\u2019utilit\u00e0 sociale o in modo da recare danno alla sicurezza, alla libert\u00e0, alla dignit\u00e0 umana.<br \/>La legge determina i programmi e i controlli opportuni perch\u00e9 l\u2019attivit\u00e0 economica, pubblica e privata possa essere indirizzata e coordinata a fini sociali.<\/p><p><strong>Testo della Costituzione approvato dall\u2019Assemblea Costituente<\/strong><br \/>L\u2019iniziativa economica privata \u00e8 libera.<br \/>Non pu\u00f2 svolgersi in contrasto con l\u2019utilit\u00e0 sociale o in modo da recare danno alla sicurezza, alla libert\u00e0, alla dignit\u00e0 umana.<br \/>La legge determina i programmi e i controlli opportuni perch\u00e9 l\u2019attivit\u00e0 economica pubblica e privata possa essere indirizzata e coordinata a fini sociali.<br \/><a href=\"https:\/\/comenascelacostituzione.it\/?p=1878\">13\/05\/1947 Antimeridiana<\/a><a href=\"https:\/\/comenascelacostituzione.it\/?p=1773\"><br \/><\/a><em>discussione generale:<\/em><br \/><a href=\"https:\/\/comenascelacostituzione.it\/?p=1850\">03\/05\/1947 Pomeridiana<\/a><br \/><a href=\"https:\/\/comenascelacostituzione.it\/?p=1858\">06\/05\/1947 Pomeridiana<\/a><br \/><a href=\"https:\/\/comenascelacostituzione.it\/?p=1862\">07\/05\/1947 Pomeridiana<\/a><\/p><p><strong>Leggi di modifica<\/strong><br \/>La legge costituzionale 11 febbraio 2022, n. 1 (in G.U. 22\/02\/2022, n.44) <a href=\"https:\/\/www.normattiva.it\/atto\/caricaDettaglioAtto?atto.dataPubblicazioneGazzetta=2022-02-22&amp;atto.codiceRedazionale=22G00019&amp;atto.articolo.numero=2&amp;atto.articolo.sottoArticolo=1&amp;atto.articolo.tipoArticolo=0\">ha disposto, con l&#8217;art. 2, comma 1, lettera a), la modifica dell&#8217;art. 41, secondo comma; con l&#8217;art. 2, comma 1, lettera b), la modifica dell&#8217;art. 41, terzo comma.<\/a><\/p><\/div><\/div>\n\t\t\t\t<\/div>\n\t\t\t\t\t\t\t\t\t\t<script type=\"application\/ld+json\">{\"@context\":\"https:\\\/\\\/schema.org\",\"@type\":\"FAQPage\",\"mainEntity\":[{\"@type\":\"Question\",\"name\":\"Evoluzione dalla Commissione dei 75 a oggi\",\"acceptedAnswer\":{\"@type\":\"Answer\",\"text\":\"<div style=\\\"text-align: justify;\\\"><p><strong>Testo della Commissione dei 75<\\\/strong><br \\\/><strong>Gi\\u00e0 art. 37<\\\/strong><br \\\/>Ogni attivit\\u00e0 economica privata o pubblica deve tendere a provvedere i mezzi necessari ai bisogni individuali ed al benessere collettivo.<br \\\/>La legge determina le norme ed i controlli necessari perch\\u00e9 le attivit\\u00e0 economiche possano essere armonizzate e coordinate a fini sociali.<\\\/p><p><strong>Gi\\u00e0 art. 39<\\\/strong><br \\\/>L\\u2019iniziativa economica privata \\u00e8 libera. Non pu\\u00f2 svolgersi in contrasto con l\\u2019utilit\\u00e0 sociale o in modo da recare danno alla sicurezza, alla libert\\u00e0, e alla dignit\\u00e0 umana.<\\\/p><p><strong>Emendamenti approvati dall\\u2019Assemblea Costituente<\\\/strong><br \\\/><em>Testo coordinato dei gi\\u00e0 artt. 37 e 39, concordato tra i deputati Taviani ed Arata, in sostituzione dei rispettivi emendamenti<\\\/em>.<br \\\/>L\\u2019iniziativa economica privata \\u00e8 libera.<br \\\/>Non pu\\u00f2 svolgersi in contrasto con l\\u2019utilit\\u00e0 sociale o in modo da recare danno alla sicurezza, alla libert\\u00e0, alla dignit\\u00e0 umana.<br \\\/>La legge determina i programmi e i controlli opportuni perch\\u00e9 l\\u2019attivit\\u00e0 economica, pubblica e privata possa essere indirizzata e coordinata a fini sociali.<\\\/p><p><strong>Testo della Costituzione approvato dall\\u2019Assemblea Costituente<\\\/strong><br \\\/>L\\u2019iniziativa economica privata \\u00e8 libera.<br \\\/>Non pu\\u00f2 svolgersi in contrasto con l\\u2019utilit\\u00e0 sociale o in modo da recare danno alla sicurezza, alla libert\\u00e0, alla dignit\\u00e0 umana.<br \\\/>La legge determina i programmi e i controlli opportuni perch\\u00e9 l\\u2019attivit\\u00e0 economica pubblica e privata possa essere indirizzata e coordinata a fini sociali.<br \\\/><a href=\\\"https:\\\/\\\/comenascelacostituzione.it\\\/?p=1878\\\">13\\\/05\\\/1947 Antimeridiana<\\\/a><a href=\\\"https:\\\/\\\/comenascelacostituzione.it\\\/?p=1773\\\"><br \\\/><\\\/a><em>discussione generale:<\\\/em><br \\\/><a href=\\\"https:\\\/\\\/comenascelacostituzione.it\\\/?p=1850\\\">03\\\/05\\\/1947 Pomeridiana<\\\/a><br \\\/><a href=\\\"https:\\\/\\\/comenascelacostituzione.it\\\/?p=1858\\\">06\\\/05\\\/1947 Pomeridiana<\\\/a><br \\\/><a href=\\\"https:\\\/\\\/comenascelacostituzione.it\\\/?p=1862\\\">07\\\/05\\\/1947 Pomeridiana<\\\/a><\\\/p><p><strong>Leggi di modifica<\\\/strong><br \\\/>La legge costituzionale 11 febbraio 2022, n. 1 (in G.U. 22\\\/02\\\/2022, n.44) <a href=\\\"https:\\\/\\\/www.normattiva.it\\\/atto\\\/caricaDettaglioAtto?atto.dataPubblicazioneGazzetta=2022-02-22&amp;atto.codiceRedazionale=22G00019&amp;atto.articolo.numero=2&amp;atto.articolo.sottoArticolo=1&amp;atto.articolo.tipoArticolo=0\\\">ha disposto, con l&#8217;art. 2, comma 1, lettera a), la modifica dell&#8217;art. 41, secondo comma; con l&#8217;art. 2, comma 1, lettera b), la modifica dell&#8217;art. 41, terzo comma.<\\\/a><\\\/p><\\\/div>\"}}]}<\/script>\n\t\t\t\t\t<\/div>\n\t\t\t\t\t\t<\/div>\n\t\t\t\t<\/div>\n\t\t\t\t<div class=\"elementor-element elementor-element-232a541 elementor-align-center elementor-widget elementor-widget-button\" data-id=\"232a541\" data-element_type=\"widget\" data-widget_type=\"button.default\">\n\t\t\t\t<div class=\"elementor-widget-container\">\n\t\t\t\t\t\t\t\t\t<div class=\"elementor-button-wrapper\">\n\t\t\t\t\t<a class=\"elementor-button elementor-button-link elementor-size-sm elementor-animation-push\" href=\"https:\/\/comenascelacostituzione.it\/?page_id=2562\">\n\t\t\t\t\t\t<span class=\"elementor-button-content-wrapper\">\n\t\t\t\t\t\t\t\t\t<span class=\"elementor-button-text\">Indietro<\/span>\n\t\t\t\t\t<\/span>\n\t\t\t\t\t<\/a>\n\t\t\t\t<\/div>\n\t\t\t\t\t\t\t\t<\/div>\n\t\t\t\t<\/div>\n\t\t\t\t\t<\/div>\n\t\t<\/div>\n\t\t\t\t\t<\/div>\n\t\t<\/section>\n\t\t\t\t<\/div>\n\t\t","protected":false},"excerpt":{"rendered":"<p>Art. 41 L\u2019iniziativa economica privata \u00e8 libera.Non pu\u00f2 svolgersi in contrasto con l\u2019utilit\u00e0 sociale o in modo da recare danno alla salute, all\u2019ambiente, alla sicurezza, alla libert\u00e0, alla dignit\u00e0 umana.La legge determina i programmi e i controlli opportuni perch\u00e9 l\u2019attivit\u00e0 economica pubblica e privata possa essere indirizzata e coordinata a fini sociali e ambientali. Testo [&hellip;]<\/p>\n","protected":false},"author":1,"featured_media":0,"parent":0,"menu_order":0,"comment_status":"closed","ping_status":"closed","template":"elementor_header_footer","meta":{"_relevanssi_hide_post":"","_relevanssi_hide_content":"","_relevanssi_pin_for_all":"","_relevanssi_pin_keywords":"","_relevanssi_unpin_keywords":"","_relevanssi_related_keywords":"","_relevanssi_related_include_ids":"","_relevanssi_related_exclude_ids":"","_relevanssi_related_no_append":"","_relevanssi_related_not_related":"","_relevanssi_related_posts":"","_relevanssi_noindex_reason":"","_monsterinsights_skip_tracking":false,"_monsterinsights_sitenote_active":false,"_monsterinsights_sitenote_note":"","_monsterinsights_sitenote_category":0,"footnotes":""},"folder":[66],"class_list":["post-4546","page","type-page","status-publish","hentry"],"aioseo_notices":[],"_links":{"self":[{"href":"https:\/\/comenascelacostituzione.it\/index.php?rest_route=\/wp\/v2\/pages\/4546","targetHints":{"allow":["GET"]}}],"collection":[{"href":"https:\/\/comenascelacostituzione.it\/index.php?rest_route=\/wp\/v2\/pages"}],"about":[{"href":"https:\/\/comenascelacostituzione.it\/index.php?rest_route=\/wp\/v2\/types\/page"}],"author":[{"embeddable":true,"href":"https:\/\/comenascelacostituzione.it\/index.php?rest_route=\/wp\/v2\/users\/1"}],"replies":[{"embeddable":true,"href":"https:\/\/comenascelacostituzione.it\/index.php?rest_route=%2Fwp%2Fv2%2Fcomments&post=4546"}],"version-history":[{"count":10,"href":"https:\/\/comenascelacostituzione.it\/index.php?rest_route=\/wp\/v2\/pages\/4546\/revisions"}],"predecessor-version":[{"id":8177,"href":"https:\/\/comenascelacostituzione.it\/index.php?rest_route=\/wp\/v2\/pages\/4546\/revisions\/8177"}],"wp:attachment":[{"href":"https:\/\/comenascelacostituzione.it\/index.php?rest_route=%2Fwp%2Fv2%2Fmedia&parent=4546"}],"wp:term":[{"taxonomy":"folder","embeddable":true,"href":"https:\/\/comenascelacostituzione.it\/index.php?rest_route=%2Fwp%2Fv2%2Ffolder&post=4546"}],"curies":[{"name":"wp","href":"https:\/\/api.w.org\/{rel}","templated":true}]}}