{"id":3071,"date":"2023-10-04T09:34:44","date_gmt":"2023-10-04T07:34:44","guid":{"rendered":"https:\/\/comenascelacostituzione.it\/?page_id=3071"},"modified":"2023-10-19T12:47:30","modified_gmt":"2023-10-19T10:47:30","slug":"luca-antonini-cv","status":"publish","type":"page","link":"https:\/\/comenascelacostituzione.it\/?page_id=3071","title":{"rendered":"Luca Antonini CV"},"content":{"rendered":"\t\t<div data-elementor-type=\"wp-page\" data-elementor-id=\"3071\" class=\"elementor elementor-3071\" data-elementor-post-type=\"page\">\n\t\t\t\t\t\t<section class=\"elementor-section elementor-top-section elementor-element elementor-element-427fff19 elementor-section-content-middle elementor-section-boxed elementor-section-height-default elementor-section-height-default\" data-id=\"427fff19\" data-element_type=\"section\" data-settings=\"{&quot;background_background&quot;:&quot;classic&quot;}\">\n\t\t\t\t\t\t\t<div class=\"elementor-background-overlay\"><\/div>\n\t\t\t\t\t\t\t<div class=\"elementor-container elementor-column-gap-default\">\n\t\t\t\t\t<div class=\"elementor-column elementor-col-100 elementor-top-column elementor-element elementor-element-56758138\" data-id=\"56758138\" data-element_type=\"column\">\n\t\t\t<div class=\"elementor-widget-wrap elementor-element-populated\">\n\t\t\t\t\t<div class=\"elementor-background-overlay\"><\/div>\n\t\t\t\t\t\t<section class=\"elementor-section elementor-inner-section elementor-element elementor-element-4d2c6ce3 elementor-section-boxed elementor-section-height-default elementor-section-height-default\" data-id=\"4d2c6ce3\" data-element_type=\"section\">\n\t\t\t\t\t\t<div class=\"elementor-container elementor-column-gap-default\">\n\t\t\t\t\t<div class=\"elementor-column elementor-col-100 elementor-inner-column elementor-element elementor-element-6de60e7a\" data-id=\"6de60e7a\" data-element_type=\"column\">\n\t\t\t<div class=\"elementor-widget-wrap elementor-element-populated\">\n\t\t\t\t\t\t<div class=\"elementor-element elementor-element-1f26bdbd elementor-widget__width-initial elementor-widget elementor-widget-spacer\" data-id=\"1f26bdbd\" data-element_type=\"widget\" data-widget_type=\"spacer.default\">\n\t\t\t\t<div class=\"elementor-widget-container\">\n\t\t\t\t\t\t\t<div class=\"elementor-spacer\">\n\t\t\t<div class=\"elementor-spacer-inner\"><\/div>\n\t\t<\/div>\n\t\t\t\t\t\t<\/div>\n\t\t\t\t<\/div>\n\t\t\t\t<div class=\"elementor-element elementor-element-5e400271 elementor-widget elementor-widget-heading\" data-id=\"5e400271\" data-element_type=\"widget\" data-widget_type=\"heading.default\">\n\t\t\t\t<div class=\"elementor-widget-container\">\n\t\t\t\t\t<h1 class=\"elementor-heading-title elementor-size-default\">Luca Antonini<\/h1>\t\t\t\t<\/div>\n\t\t\t\t<\/div>\n\t\t\t\t\t<\/div>\n\t\t<\/div>\n\t\t\t\t\t<\/div>\n\t\t<\/section>\n\t\t\t\t\t<\/div>\n\t\t<\/div>\n\t\t\t\t\t<\/div>\n\t\t<\/section>\n\t\t\t\t<section class=\"elementor-section elementor-top-section elementor-element elementor-element-a99fa06 elementor-section-content-middle elementor-section-boxed elementor-section-height-default elementor-section-height-default\" data-id=\"a99fa06\" data-element_type=\"section\" data-settings=\"{&quot;background_background&quot;:&quot;classic&quot;}\">\n\t\t\t\t\t\t<div class=\"elementor-container elementor-column-gap-default\">\n\t\t\t\t\t<div class=\"elementor-column elementor-col-100 elementor-top-column elementor-element elementor-element-20a7e6f1\" data-id=\"20a7e6f1\" data-element_type=\"column\">\n\t\t\t<div class=\"elementor-widget-wrap elementor-element-populated\">\n\t\t\t\t\t<div class=\"elementor-background-overlay\"><\/div>\n\t\t\t\t\t\t<section class=\"elementor-section elementor-inner-section elementor-element elementor-element-468e67bd elementor-section-boxed elementor-section-height-default elementor-section-height-default\" data-id=\"468e67bd\" data-element_type=\"section\">\n\t\t\t\t\t\t<div class=\"elementor-container elementor-column-gap-wider\">\n\t\t\t\t\t<div class=\"elementor-column elementor-col-100 elementor-inner-column elementor-element elementor-element-1d496f97\" data-id=\"1d496f97\" data-element_type=\"column\">\n\t\t\t<div class=\"elementor-widget-wrap elementor-element-populated\">\n\t\t\t\t\t\t<section class=\"elementor-section elementor-inner-section elementor-element elementor-element-a9ebaee elementor-section-full_width elementor-section-height-default elementor-section-height-default elementor-invisible\" data-id=\"a9ebaee\" data-element_type=\"section\" data-settings=\"{&quot;animation&quot;:&quot;fadeIn&quot;}\">\n\t\t\t\t\t\t<div class=\"elementor-container elementor-column-gap-default\">\n\t\t\t\t\t<div class=\"elementor-column elementor-col-100 elementor-inner-column elementor-element elementor-element-73cd59a\" data-id=\"73cd59a\" data-element_type=\"column\">\n\t\t\t<div class=\"elementor-widget-wrap elementor-element-populated\">\n\t\t\t\t\t\t<div class=\"elementor-element elementor-element-717d49d4 elementor-widget__width-initial elementor-widget elementor-widget-testimonial\" data-id=\"717d49d4\" data-element_type=\"widget\" data-widget_type=\"testimonial.default\">\n\t\t\t\t<div class=\"elementor-widget-container\">\n\t\t\t\t\t\t\t<div class=\"elementor-testimonial-wrapper\">\n\t\t\t\t\t\t\t<div class=\"elementor-testimonial-content\"><div style=\"text-align: justify;\">\nNato a Gallarate (VA) il 27.5.1963 ha iniziato la sua carriera universitaria presso la Facolt\u00e0 di Giurisprudenza dell\u2019Universit\u00e0 degli Studi di Milano, dove si \u00e8 laureato nel 1988.<br>\nNel 1993 \u00e8 stato nominato ricercatore in Diritto Costituzionale presso tale Facolt\u00e0 e nel 1999 professore associato in Diritto Pubblico presso la Facolt\u00e0 di economia dell\u2019Universit\u00e0 degli studi di Torino.<br>\n Dal 2001 \u00e8 professore ordinario in Diritto costituzionale presso la facolt\u00e0 di Giurisprudenza dell'Universit\u00e0 degli studi di Padova. <br>\n\n\u00c8 avvocato e abilitato al patrocinio in Cassazione; ha patrocinato davanti a tutte le principali giurisdizioni.  <br>\n\n\u00c8 stato consulente del Governo e del Parlamento italiano in materia di federalismo e di riforme costituzionali; Presidente della Commissione tecnica paritetica per l'attuazione del federalismo fiscale (Copaff). <br>\nHa contribuito, in tale ruolo, alla redazione della legge delega n. 42 del 2009 (Delega al Governo in materia di federalismo fiscale, in attuazione dell'articolo 119 della Costituzione) e degli otto decreti legislativi emanati durante la XVI legislatura, nonch\u00e9 di altre riforme legislative, come quella del 5 per mille. <br>\n\n\u00c8 stato esperto tributario presso il Secit, consigliere giuridico del Ministero dell'economia e delle finanze, componente della Acoff (Alta Commissione di studio per la definizione dei meccanismi strutturali del Federalismo Fiscale), componente del World Political Forum, consigliere dell'Agenzia per le Onlus, membro del comitato scientifico di Confindustria, consigliere di amministrazione dell'Istituto per lo sviluppo della formazione professionale dei lavoratori (ISFOL), componente del Consiglio scientifico di Ifel (Istituto per la Finanza Locale), membro del Consiglio di amministrazione della Fondazione Cassamarca, componente di diversi osservatori regionali sulla sussidiariet\u00e0.<br>\n\n\u00c8 componente del comitato scientifico di diverse riviste giuridiche.<br>\n\n\u00c8 membro dell\u2019Associazione Italiana Costituzionalisti.<br>\n\nFa parte della Consulta Scientifica del Cortile dei Gentili.<br>\n\nNella sua carriera accademica ha pubblicato numerose monografie e curatele, nonch\u00e9 oltre un centinaio di saggi sui temi dei diritti e dei doveri costituzionali, dell\u2019Unione Europea, del regionalismo e del federalismo, del federalismo fiscale, del sistema tributario, del diritto dell\u2019ambiente, della fiscalit\u00e0 ambientale, del principio di sussidiariet\u00e0, delle riforme costituzionali, della semplificazione, del sistema degli appalti, della felicit\u00e0 pubblica, dell\u2019intelligenza artificiale, ecc. <br>\n\nHa partecipato e anche organizzato numerosi convegni nazionali e internazionali, anche di carattere interdisciplinare. <br> \n\nHa collaborato con diversi quotidiani e riviste, nonch\u00e9 partecipato, sui temi di sua competenza, come ospite a programmi televisivi e radiofonici di carattere culturale.  <br>\n\nDal 26 luglio 2018, a seguito di elezione da parte del Parlamento in seduta comune, \u00e8 giudice della Corte costituzionale.<br>\n\n<\/div>\n\n<\/div>\n\t\t\t\n\t\t\t\t\t<\/div>\n\t\t\t\t\t\t<\/div>\n\t\t\t\t<\/div>\n\t\t\t\t\t<\/div>\n\t\t<\/div>\n\t\t\t\t\t<\/div>\n\t\t<\/section>\n\t\t\t\t\t<\/div>\n\t\t<\/div>\n\t\t\t\t\t<\/div>\n\t\t<\/section>\n\t\t\t\t\t<\/div>\n\t\t<\/div>\n\t\t\t\t\t<\/div>\n\t\t<\/section>\n\t\t\t\t<\/div>\n\t\t","protected":false},"excerpt":{"rendered":"<p>Luca Antonini Nato a Gallarate (VA) il 27.5.1963 ha iniziato la sua carriera universitaria presso la Facolt\u00e0 di Giurisprudenza dell\u2019Universit\u00e0 degli Studi di Milano, dove si \u00e8 laureato nel 1988. Nel 1993 \u00e8 stato nominato ricercatore in Diritto Costituzionale presso tale Facolt\u00e0 e nel 1999 professore associato in Diritto Pubblico presso la Facolt\u00e0 di economia [&hellip;]<\/p>\n","protected":false},"author":1,"featured_media":0,"parent":0,"menu_order":0,"comment_status":"closed","ping_status":"closed","template":"elementor_header_footer","meta":{"_relevanssi_hide_post":"","_relevanssi_hide_content":"","_relevanssi_pin_for_all":"","_relevanssi_pin_keywords":"","_relevanssi_unpin_keywords":"","_relevanssi_related_keywords":"","_relevanssi_related_include_ids":"","_relevanssi_related_exclude_ids":"","_relevanssi_related_no_append":"","_relevanssi_related_not_related":"","_relevanssi_related_posts":"","_relevanssi_noindex_reason":"","_monsterinsights_skip_tracking":false,"_monsterinsights_sitenote_active":false,"_monsterinsights_sitenote_note":"","_monsterinsights_sitenote_category":0,"footnotes":""},"folder":[68],"class_list":["post-3071","page","type-page","status-publish","hentry"],"aioseo_notices":[],"_links":{"self":[{"href":"https:\/\/comenascelacostituzione.it\/index.php?rest_route=\/wp\/v2\/pages\/3071","targetHints":{"allow":["GET"]}}],"collection":[{"href":"https:\/\/comenascelacostituzione.it\/index.php?rest_route=\/wp\/v2\/pages"}],"about":[{"href":"https:\/\/comenascelacostituzione.it\/index.php?rest_route=\/wp\/v2\/types\/page"}],"author":[{"embeddable":true,"href":"https:\/\/comenascelacostituzione.it\/index.php?rest_route=\/wp\/v2\/users\/1"}],"replies":[{"embeddable":true,"href":"https:\/\/comenascelacostituzione.it\/index.php?rest_route=%2Fwp%2Fv2%2Fcomments&post=3071"}],"version-history":[{"count":7,"href":"https:\/\/comenascelacostituzione.it\/index.php?rest_route=\/wp\/v2\/pages\/3071\/revisions"}],"predecessor-version":[{"id":5846,"href":"https:\/\/comenascelacostituzione.it\/index.php?rest_route=\/wp\/v2\/pages\/3071\/revisions\/5846"}],"wp:attachment":[{"href":"https:\/\/comenascelacostituzione.it\/index.php?rest_route=%2Fwp%2Fv2%2Fmedia&parent=3071"}],"wp:term":[{"taxonomy":"folder","embeddable":true,"href":"https:\/\/comenascelacostituzione.it\/index.php?rest_route=%2Fwp%2Fv2%2Ffolder&post=3071"}],"curies":[{"name":"wp","href":"https:\/\/api.w.org\/{rel}","templated":true}]}}