{"id":3017,"date":"2023-10-04T01:18:50","date_gmt":"2023-10-03T23:18:50","guid":{"rendered":"https:\/\/comenascelacostituzione.it\/?page_id=3017"},"modified":"2023-10-19T12:50:16","modified_gmt":"2023-10-19T10:50:16","slug":"daria-de-pretis-3","status":"publish","type":"page","link":"https:\/\/comenascelacostituzione.it\/?page_id=3017","title":{"rendered":"Daria de Pretis CV"},"content":{"rendered":"\t\t<div data-elementor-type=\"wp-page\" data-elementor-id=\"3017\" class=\"elementor elementor-3017\" data-elementor-post-type=\"page\">\n\t\t\t\t\t\t<section class=\"elementor-section elementor-top-section elementor-element elementor-element-427fff19 elementor-section-content-middle elementor-section-boxed elementor-section-height-default elementor-section-height-default\" data-id=\"427fff19\" data-element_type=\"section\" data-settings=\"{&quot;background_background&quot;:&quot;classic&quot;}\">\n\t\t\t\t\t\t\t<div class=\"elementor-background-overlay\"><\/div>\n\t\t\t\t\t\t\t<div class=\"elementor-container elementor-column-gap-default\">\n\t\t\t\t\t<div class=\"elementor-column elementor-col-100 elementor-top-column elementor-element elementor-element-56758138\" data-id=\"56758138\" data-element_type=\"column\">\n\t\t\t<div class=\"elementor-widget-wrap elementor-element-populated\">\n\t\t\t\t\t<div class=\"elementor-background-overlay\"><\/div>\n\t\t\t\t\t\t<section class=\"elementor-section elementor-inner-section elementor-element elementor-element-4d2c6ce3 elementor-section-boxed elementor-section-height-default elementor-section-height-default\" data-id=\"4d2c6ce3\" data-element_type=\"section\">\n\t\t\t\t\t\t<div class=\"elementor-container elementor-column-gap-default\">\n\t\t\t\t\t<div class=\"elementor-column elementor-col-100 elementor-inner-column elementor-element elementor-element-6de60e7a\" data-id=\"6de60e7a\" data-element_type=\"column\">\n\t\t\t<div class=\"elementor-widget-wrap elementor-element-populated\">\n\t\t\t\t\t\t<div class=\"elementor-element elementor-element-1f26bdbd elementor-widget__width-initial elementor-widget elementor-widget-spacer\" data-id=\"1f26bdbd\" data-element_type=\"widget\" data-widget_type=\"spacer.default\">\n\t\t\t\t<div class=\"elementor-widget-container\">\n\t\t\t\t\t\t\t<div class=\"elementor-spacer\">\n\t\t\t<div class=\"elementor-spacer-inner\"><\/div>\n\t\t<\/div>\n\t\t\t\t\t\t<\/div>\n\t\t\t\t<\/div>\n\t\t\t\t<div class=\"elementor-element elementor-element-5e400271 elementor-widget elementor-widget-heading\" data-id=\"5e400271\" data-element_type=\"widget\" data-widget_type=\"heading.default\">\n\t\t\t\t<div class=\"elementor-widget-container\">\n\t\t\t\t\t<h1 class=\"elementor-heading-title elementor-size-default\">Daria De Pretis<\/h1>\t\t\t\t<\/div>\n\t\t\t\t<\/div>\n\t\t\t\t\t<\/div>\n\t\t<\/div>\n\t\t\t\t\t<\/div>\n\t\t<\/section>\n\t\t\t\t\t<\/div>\n\t\t<\/div>\n\t\t\t\t\t<\/div>\n\t\t<\/section>\n\t\t\t\t<section class=\"elementor-section elementor-top-section elementor-element elementor-element-a99fa06 elementor-section-content-middle elementor-section-boxed elementor-section-height-default elementor-section-height-default\" data-id=\"a99fa06\" data-element_type=\"section\" data-settings=\"{&quot;background_background&quot;:&quot;classic&quot;}\">\n\t\t\t\t\t\t<div class=\"elementor-container elementor-column-gap-default\">\n\t\t\t\t\t<div class=\"elementor-column elementor-col-100 elementor-top-column elementor-element elementor-element-20a7e6f1\" data-id=\"20a7e6f1\" data-element_type=\"column\">\n\t\t\t<div class=\"elementor-widget-wrap elementor-element-populated\">\n\t\t\t\t\t<div class=\"elementor-background-overlay\"><\/div>\n\t\t\t\t\t\t<section class=\"elementor-section elementor-inner-section elementor-element elementor-element-468e67bd elementor-section-boxed elementor-section-height-default elementor-section-height-default elementor-invisible\" data-id=\"468e67bd\" data-element_type=\"section\" data-settings=\"{&quot;animation&quot;:&quot;fadeIn&quot;}\">\n\t\t\t\t\t\t<div class=\"elementor-container elementor-column-gap-wider\">\n\t\t\t\t\t<div class=\"elementor-column elementor-col-100 elementor-inner-column elementor-element elementor-element-1d496f97\" data-id=\"1d496f97\" data-element_type=\"column\">\n\t\t\t<div class=\"elementor-widget-wrap elementor-element-populated\">\n\t\t\t\t\t\t<section class=\"elementor-section elementor-inner-section elementor-element elementor-element-a9ebaee elementor-section-full_width elementor-section-height-default elementor-section-height-default elementor-invisible\" data-id=\"a9ebaee\" data-element_type=\"section\" data-settings=\"{&quot;animation&quot;:&quot;fadeIn&quot;}\">\n\t\t\t\t\t\t<div class=\"elementor-container elementor-column-gap-default\">\n\t\t\t\t\t<div class=\"elementor-column elementor-col-100 elementor-inner-column elementor-element elementor-element-73cd59a\" data-id=\"73cd59a\" data-element_type=\"column\">\n\t\t\t<div class=\"elementor-widget-wrap elementor-element-populated\">\n\t\t\t\t\t\t<div class=\"elementor-element elementor-element-717d49d4 elementor-widget__width-initial elementor-invisible elementor-widget elementor-widget-testimonial\" data-id=\"717d49d4\" data-element_type=\"widget\" data-settings=\"{&quot;_animation&quot;:&quot;fadeIn&quot;}\" data-widget_type=\"testimonial.default\">\n\t\t\t\t<div class=\"elementor-widget-container\">\n\t\t\t\t\t\t\t<div class=\"elementor-testimonial-wrapper\">\n\t\t\t\t\t\t\t<div class=\"elementor-testimonial-content\"><div style=\"text-align: justify;\">\nDaria de Pretis, professoressa di diritto amministrativo nell\u2019Universit\u00e0 di Trento, \u00e8 stata nominata Giudice costituzionale dal Presidente Giorgio Napolitano nel 2014. Dal 29 gennaio 2022 \u00e8 Vice Presidente della Corte costituzionale.<br><br>\nLaureata in Giurisprudenza a Bologna nel 1981, ha proseguito il suo percorso accademico nella nuova Facolt\u00e0 di Giurisprudenza dell\u2019Universit\u00e0 di Trento, dove \u00e8 stata ricercatrice, professoressa associata e, dal 2000, professoressa ordinaria di diritto amministrativo.\nNell\u2019Universit\u00e0 di Trento ha insegnato per pi\u00f9 di trent\u2019anni varie materie dell\u2019area pubblicistica, fra le quali diritto amministrativo, diritto processuale amministrativo, diritto amministrativo comparato, istituzioni di diritto pubblico, diritto dell\u2019Unione europea e delle amministrazioni globali, diritto urbanistico e diritto e genere (gender studies). \u00c8 stata Preside vicaria della Facolt\u00e0 di Giurisprudenza e Direttrice della Scuola di specializzazione per le professioni legali di Trento e di Verona. <\/p>\nNel febbraio del 2013 \u00e8 stata eletta Rettrice dell\u2019Universit\u00e0 di Trento, carica che ha lasciato dopo la nomina alla Corte costituzionale. Durante il mandato rettorale \u00e8 stata eletta nella Giunta della CRUI (Conferenza dei Rettori delle Universit\u00e0 Italiane), dove si \u00e8 occupata della semplificazione del sistema universitario. Su incarico del Ministro per l\u2019istruzione, l'universit\u00e0 e la ricerca, ha presieduto la Commissione di studio sulle procedure di valutazione delle universit\u00e0.<\/p>\nPer l\u2019impulso impresso come Rettrice dell\u2019Universit\u00e0 di Trento allo sviluppo delle relazioni fra gli atenei dell\u2019Euregio alpina \u00e8 stata nominata, nel 2014, Senatrice accademica onoraria della Libera Universit\u00e0 di Bolzano e, nel 2015, <i>Ehrensenatorin<\/i> della Leopold-Franzens-Universit\u00e4t di Innsbruck.<\/p>\n\u00c8 stata Presidente dell\u2019<i>Italian Institute of Administrative Sciences (IISA)<\/i>, sezione italiana dell\u2019<i>Institut International des Sciences Administratives<\/i>. Ha fatto parte del direttivo dell\u2019<i>Associazione italiana dei professori di diritto amministrativo (AIPDA)<\/i> e dell\u2019<i>Associazione Italiana di Diritto Urbanistico (AIDU)<\/i>. Oltre che di queste, fa parte di diverse altre associazioni, fra cui: <i>SIPE (Societas Iuris Publici Europaei), EGPL (European Group of Public Law), ELI (European Law Institute). <\/i><\/p>\n\u00c8 membro del <i>Kuratorium del Max-Planck-Institut f\u00fcr ausl\u00e4ndisches \u00f6ffentliches Recht und V\u00f6lkerrecht di Heidelberg, del Board dell\u2019Italian Chapter of ICON-S (The International Society of Public Law)<\/i> e dello <i>Steering Committee<\/i> della <i>Scuola di specializzazione in Studi sull\u2019amministrazione pubblica (SPISA)<\/i> dell\u2019Universit\u00e0 di Bologna.<\/p>\n\u00c8 autrice di saggi, articoli e commenti nelle materie del diritto amministrativo e, in generale, del diritto pubblico, anche in lingua tedesca e inglese. La monografia <i>Valutazione amministrativa e discrezionalit\u00e0 tecnica<\/i>, Cedam Padova, 1995, \u00e8 stata selezionata fra i <i>Libri dell\u2019anno<\/i> 1995 dell\u2019Istituto Luigi Sturzo.  \u00c8 stata fra i fondatori della prima rivista giuridica italiana in lingua inglese, <i>IJPL \u2013 Italian Journal of Public Law<\/i>. Fa parte di vari comitati editoriali o scientifici di riviste e collane giuridiche.<\/p>\nNel 2017 le \u00e8 stato conferito dal Presidente della Repubblica il titolo di Cavaliere di Gran Croce. Nel 2016 il Governatore del <i>Land Tirol<\/i> (Austria) le ha conferito l\u2019Ordine dell\u2019Aquila d\u2019oro del Tirolo (<i>Tiroler Adler-Orden in Gold<\/i>).\n<\/div><\/div>\n\t\t\t\n\t\t\t\t\t<\/div>\n\t\t\t\t\t\t<\/div>\n\t\t\t\t<\/div>\n\t\t\t\t\t<\/div>\n\t\t<\/div>\n\t\t\t\t\t<\/div>\n\t\t<\/section>\n\t\t\t\t\t<\/div>\n\t\t<\/div>\n\t\t\t\t\t<\/div>\n\t\t<\/section>\n\t\t\t\t\t<\/div>\n\t\t<\/div>\n\t\t\t\t\t<\/div>\n\t\t<\/section>\n\t\t\t\t<\/div>\n\t\t","protected":false},"excerpt":{"rendered":"<p>Daria De Pretis Daria de Pretis, professoressa di diritto amministrativo nell\u2019Universit\u00e0 di Trento, \u00e8 stata nominata Giudice costituzionale dal Presidente Giorgio Napolitano nel 2014. Dal 29 gennaio 2022 \u00e8 Vice Presidente della Corte costituzionale. Laureata in Giurisprudenza a Bologna nel 1981, ha proseguito il suo percorso accademico nella nuova Facolt\u00e0 di Giurisprudenza dell\u2019Universit\u00e0 di Trento, [&hellip;]<\/p>\n","protected":false},"author":1,"featured_media":0,"parent":0,"menu_order":0,"comment_status":"closed","ping_status":"closed","template":"elementor_header_footer","meta":{"_relevanssi_hide_post":"","_relevanssi_hide_content":"","_relevanssi_pin_for_all":"","_relevanssi_pin_keywords":"","_relevanssi_unpin_keywords":"","_relevanssi_related_keywords":"","_relevanssi_related_include_ids":"","_relevanssi_related_exclude_ids":"","_relevanssi_related_no_append":"","_relevanssi_related_not_related":"","_relevanssi_related_posts":"","_relevanssi_noindex_reason":"","_monsterinsights_skip_tracking":false,"_monsterinsights_sitenote_active":false,"_monsterinsights_sitenote_note":"","_monsterinsights_sitenote_category":0,"footnotes":""},"folder":[68],"class_list":["post-3017","page","type-page","status-publish","hentry"],"aioseo_notices":[],"_links":{"self":[{"href":"https:\/\/comenascelacostituzione.it\/index.php?rest_route=\/wp\/v2\/pages\/3017","targetHints":{"allow":["GET"]}}],"collection":[{"href":"https:\/\/comenascelacostituzione.it\/index.php?rest_route=\/wp\/v2\/pages"}],"about":[{"href":"https:\/\/comenascelacostituzione.it\/index.php?rest_route=\/wp\/v2\/types\/page"}],"author":[{"embeddable":true,"href":"https:\/\/comenascelacostituzione.it\/index.php?rest_route=\/wp\/v2\/users\/1"}],"replies":[{"embeddable":true,"href":"https:\/\/comenascelacostituzione.it\/index.php?rest_route=%2Fwp%2Fv2%2Fcomments&post=3017"}],"version-history":[{"count":8,"href":"https:\/\/comenascelacostituzione.it\/index.php?rest_route=\/wp\/v2\/pages\/3017\/revisions"}],"predecessor-version":[{"id":5858,"href":"https:\/\/comenascelacostituzione.it\/index.php?rest_route=\/wp\/v2\/pages\/3017\/revisions\/5858"}],"wp:attachment":[{"href":"https:\/\/comenascelacostituzione.it\/index.php?rest_route=%2Fwp%2Fv2%2Fmedia&parent=3017"}],"wp:term":[{"taxonomy":"folder","embeddable":true,"href":"https:\/\/comenascelacostituzione.it\/index.php?rest_route=%2Fwp%2Fv2%2Ffolder&post=3017"}],"curies":[{"name":"wp","href":"https:\/\/api.w.org\/{rel}","templated":true}]}}